. Suppose -2*b + 24 = -r. Is b prime?
False
Let v be (42/4)/((-3)/6). Let f = v + 35. Suppose f = 4*a - 70. Is a a composite number?
True
Let s = -391 - -1134. Is s composite?
False
Let s(i) = 62*i - 5. Let m(w) = 63*w - 6. Let o(n) = 4*m(n) - 5*s(n). Let d(k) = -2*k + 1. Let j be d(1). Is o(j) a prime number?
True
Let k(p) = -p**3 + 5*p**2 - 6*p + 5. Let b be k(4). Let o be 6/b*(-2)/(-4). Is -15*(-1 - o/3) composite?
True
Let c = -1229 - -2256. Is c composite?
True
Suppose 7*x - 2*x = 90. Let l = 7 + x. Is l a prime number?
False
Let w be 120 + (-3)/((-6)/2). Suppose -5*b + 633 = -n, -b + w = -2*n - n. Is b a composite number?
False
Suppose 0 = -3*n + 5*x + 2239, -8*x + 9*x = -5*n + 3769. Is n a prime number?
False
Suppose -2*o - u + 647 = 0, 2*o - 2*u - 632 = -0*o. Is o a composite number?
True
Suppose -3*q - 2 = -2*q - m, 3*q = -5*m + 26. Is (-5 + -32)/((-2)/q) composite?
False
Suppose r + 38 = 3*r. Is r a composite number?
False
Suppose u - 59 = 5*m, 4*m - 2*u + 3*u = -40. Let h = -8 - m. Let r(x) = x**3 - 3*x + 1. Is r(h) a composite number?
False
Let q = 52 + -27. Let v(c) = -15*c. Let w be v(1). Let m = q + w. Is m prime?
False
Let p(o) = o**3 + 16*o**2 + 15*o - 16. Is p(-14) composite?
True
Suppose 27*o + 321 = 28*o. Is o a prime number?
False
Suppose 0 = -42*o + 47*o - 2245. Is o prime?
True
Suppose -3 + 12 = 3*h. Suppose -z - 2*z - 3*r - h = 0, -4*z + r = -21. Suppose -z*v - 51 = -5*v. Is v a composite number?
True
Let z = -305 - -682. Is z composite?
True
Suppose 8 = 2*x - 4*x. Let i(f) = -f. Let l be i(x). Is 17/5 - l/10 composite?
False
Let t(s) = -19*s**3 + 2*s**2 + 6*s + 8. Is t(-3) composite?
False
Let q(u) = -5775*u**3 - u**2 - u. Let r be q(-1). Suppose -r = -7*o - 1960. Is o composite?
True
Let i(m) = -70*m**3 - 8*m**2 - 6*m + 1. Let g(h) = 70*h**3 + 7*h**2 + 5*h - 1. Let y(c) = -6*g(c) - 5*i(c). Is y(-1) composite?
True
Let o(f) = 99*f + 1. Is o(2) a prime number?
True
Let g(h) = -h**3 + 4*h**2 + 7*h + 2. Let q be g(5). Suppose -632 = -4*d - 4*y, -3*y - q = y. Is d composite?
True
Let l be (-39)/12 - 3/(-12). Let o = 262 + l. Is o prime?
False
Let q(w) = -3019*w - 2. Is q(-1) prime?
False
Let w(u) = u**2 - 4*u + 3. Let o be w(4). Is 53/2 + o/(-2) a prime number?
False
Let p(s) = 2*s**2 + s**2 - 4*s**2 - 6*s - 3. Let i be p(-5). Let v(w) = 3*w**3 - w**2 + 1. Is v(i) composite?
True
Is (52/16)/((-3)/(-564)) a prime number?
False
Suppose 42*b - 43*b + 1253 = 0. Is b a composite number?
True
Let g(h) = -h + 5. Let y be 1/(-4) - (-1)/4. Let f be g(y). Suppose 21 + 134 = f*c. Is c a composite number?
False
Suppose -4*i = -6*i + 12. Let o(k) = k - 3. Let x be o(i). Suppose -x*c + 2 + 13 = h, 0 = -h - c + 15. Is h a composite number?
True
Suppose -2*f - 10 = -0*f, 2*b - 157 = -5*f. Is b prime?
False
Let t(n) = 11*n**2 - 3*n + 23. Let z(x) = -5*x**2 + x - 11. Let v(o) = -4*t(o) - 9*z(o). Let p be v(-5). Let h = p + -10. Is h composite?
False
Let l(y) = -y**2 - 2*y - 1. Let i be l(-2). Is ((-1 - 0) + -446)/i a composite number?
True
Suppose -2*u = -3*z - 236, 2*u - 19 - 213 = 4*z. Let i = u - 81. Suppose 0 = -3*q - 5*p + i, -q + 4 = -5*p + 3. Is q composite?
False
Let a(v) = v**3 - 9*v**2 - 9*v - 9. Let r(u) = 2*u**3 - 10*u**2 - 8*u - 9. Let k(d) = 3*a(d) - 2*r(d). Is k(-8) a composite number?
True
Suppose 40 = -4*b - b. Is ((-1336)/(-32))/((-2)/b) composite?
False
Suppose 3*r = -2*r + 3515. Suppose 0 = -4*q + 49 + r. Suppose -4*b + 0*b = -q. Is b composite?
False
Let h be (-94)/14 - (-18)/(-63). Let p(y) = y**2 - 9*y - 9. Is p(h) composite?
False
Suppose 5*y - 35 = 6*f - f, 6 = -3*y. Let c(u) = -28*u - 1. Is c(f) a composite number?
False
Let x = -87 - -130. Suppose x = 5*n - 132. Is n composite?
True
Let z = -1 + 5. Suppose 2*r - 5*x = 35 - 6, 4*x - z = 0. Suppose -3*l + r = -10. Is l a composite number?
True
Let t be 1*25 + (5 - 2). Suppose m + t + 101 = -d, m - 5 = 0. Let u = d + 247. Is u prime?
True
Suppose 13*c - 11*c - 8410 = 2*w, 5*c - 20985 = -5*w. Is c prime?
True
Let m(s) = -9*s - 1. Let v be m(-1). Suppose -v*f + 4*n = -4*f - 20, 4*f = -n - 5. Suppose -d - 2*d + 177 = f. Is d a composite number?
False
Let b be 33/27 - (-2)/(-9). Let x = b + -2. Is (-10)/4*(x - 13) a composite number?
True
Let c be (-7 + 2)*-1*1. Suppose 0 = -c*w + 4*w + 97. Is w a composite number?
False
Let m(q) = -4*q - 8. Let a(t) = -t - 1. Let d(x) = 3*a(x) - m(x). Let z be d(0). Is (-574)/(-5) + 1/z prime?
False
Let m(d) = d**3 - 18*d**2 + 14*d - 41. Is m(20) a composite number?
False
Let b = -1033 + 1574. Is b prime?
True
Let i(h) = 15*h - 5. Let f be i(4). Let u = f + 72. Is u a composite number?
False
Let d(f) be the first derivative of -35*f**2/2 - 4. Let w be d(2). Is (-6530)/w + (-4)/14 composite?
True
Suppose 3*x = n - 1612, 5*x = -4*n + n + 4864. Suppose -3*r - 3*p + 512 = -n, 1413 = 2*r - 5*p. Is r prime?
True
Is (-2 - -5) + (-5)/(-5) + 233 a composite number?
True
Suppose w - 170 = -f, -4*w - 3*f - 2*f + 678 = 0. Suppose i - 5*i = -w. Is i composite?
False
Let m = 886 + -492. Suppose -2*w + m = -186. Suppose g + w = 3*g. Is g a composite number?
True
Suppose -7 = -3*q + 8. Suppose 0 = -4*k + g + 146, 2*k + 2*g - 68 = q*g. Is k a composite number?
False
Suppose 2*j + 49 + 5 = 0. Let y = 55 + j. Let x = -14 + y. Is x a prime number?
False
Let u be (-15575)/63 + (-4)/(-18). Let v = u + 496. Is v prime?
False
Let m(n) = 2*n**2 + 6*n - 1. Let l be m(-6). Suppose -6*c = -c - l. Let o(f) = 5*f + 2. Is o(c) a prime number?
True
Let l be 4/8*(-2256)/(-4). Let p = 536 - l. Is p a composite number?
True
Let u(i) = -103*i**2 - 5*i + 2. Let m(a) = 51*a**2 + 3*a - 1. Let t(b) = -5*m(b) - 3*u(b). Is t(-2) prime?
False
Let q(v) = v**3 + 5*v**2 + 5*v + 1. Let f be q(-4). Let a be -1 - f/(0 + -1). Is (-307)/a - 9/(-36) a composite number?
True
Let h = 715 + 600. Is h composite?
True
Let j be 0*(-4)/(-16) + 21. Is (-3)/(-2)*2954/j a composite number?
False
Let d be 0/(0 + 3)*-1. Suppose 4*v = -d*v + 8. Is v a prime number?
True
Suppose -6 - 18 = -3*y. Let h be (12/14)/((-2)/(-14)). Let a = y + h. Is a composite?
True
Let l be 2*3/(-6)*-78. Let n = -43 + l. Is n composite?
True
Let s = -176 + 248. Suppose -4*q + 20 = 0, -c - q + s = -2*q. Is c prime?
False
Let y(u) = 3*u**2 - 11*u - 1. Let f(v) = v**2 - 6*v - 8. Let j be f(8). Is y(j) a composite number?
False
Let i(t) = t - 7. Let j be i(6). Let a be (-4 + (-6)/(-3))*j. Suppose -39 + 1 = -a*s. Is s a prime number?
True
Suppose -2*m + 179 = -47. Let o = -56 + m. Is o composite?
True
Suppose g - 1 = 0, y + 4*g - 153 - 222 = 0. Is y a composite number?
True
Let b = 10 - -10. Suppose -x - 3*j + 2*j = -127, 0 = 5*j + b. Is x a prime number?
True
Let r = 19 - 13. Suppose 3*z - 2*w - 46 = -r*w, -3 = -3*w. Is z a composite number?
True
Let c be (18/(-3))/((-6)/4). Suppose -c*h + 0 = -z - 3, 5*h + 3*z + 9 = 0. Suppose n - 46 - 3 = h. Is n prime?
False
Let w(a) = -58*a - 7. Is w(-2) a composite number?
False
Let b = -93 + 242. Is b prime?
True
Let z be (-3)/2*(-10)/15. Suppose 5*y + 18 = 3*t, 4*t - 5 = 2*y + 5*t. Is (-37)/(z + 1 + y) composite?
False
Let b(s) = s + 6. Let z be b(-3). Suppose z*u = 3*d - 125 - 1, -3*d + 101 = 2*u. Is d composite?
False
Let y be -1 - -4 - 2 - -1. Let v be y/5 - 46/(-10). Suppose 3*n - 47 - 209 = -v*x, 2*n = -x + 173. Is n prime?
False
Let w = 130 + -92. Let x = 165 - w. Is x prime?
True
Suppose -5*d + 0*d + 15 = 0. Suppose 5*q + p - 17 = 31, -d*p - 6 = 0. Is q prime?
False
Suppose 4*c = 2*i + 2*i - 12, 2*i + c = 6. Suppose 1 = 2*d - i, -2*j - 5*d = -18. Is 208/3 - j/12 a prime number?
False
Suppose 24 = 2*s - 0*n + 2*n, 5*s - 2*n = 53. Suppose 2*j - i = 7, 0*i = -2*j - 5*i - s. Suppose -j*l + 5*l = 99. Is l a composite number?
True
Let r(m) = m**3 - m. Let i be r(-2). Let p be ((-20)/i)/((-1)/(-3)). Suppose 0 = w + p - 45. Is w a prime number?
False
Let w(q) be the third derivative of -q**4/12 + q**3 - q**2. Is w(-8) prime?
False
Suppose 127 = -0*f + f - 2*b, 3*b - 519 = -4*f. Is f a prime number?
False
Suppose -2*p = r - 6, -4 = 2*r + r - 5*p. Suppose r*a - 4 = 14. Is a a composite number?
True
Let w = 518 - 267. Is w composite?
False
Suppose -r - 2*r + 4*p + 1625 = 0, -p = -5*r + 2680. Is r composite?
True
Let r(s) be the first derivative of s**3/3 + 215*s - 3. Is r(0) a composit